 multiple of 44?
True
Let g be (88/5)/(6/(-30)). Does 8 divide 2/3 + g/(-12)?
True
Suppose 2*a = -6 + 26. Suppose 0 = 4*m - a - 6. Does 2 divide m?
True
Let y(x) = x**3 - 9*x**2 - 13*x - 9. Let r be y(10). Let h be (-111)/r + (-6)/(-39). Does 24 divide (-6 + h)/(-1) - -43?
False
Suppose 106 = 5*n - 2*r - 92, 2*n = 2*r + 84. Is 19 a factor of n?
True
Let o(u) = -u**3 + 4*u**2 + u. Let c(f) = 4*f**3 - 17*f**2 - 3*f. Let q(x) = 2*c(x) + 9*o(x). Let k be q(3). Suppose k*p + 2*p - 8 = 0. Is 3 a factor of p?
False
Is 31 a factor of (-5)/((-20)/(-61))*4*-2?
False
Suppose -m + 1 = -4*u + 15, -4*m = 5*u - 7. Is 7 a factor of (-1 + (-1)/m)*-28?
True
Let c(t) = -t - 2. Let u be c(-4). Let x(q) = u*q + 5*q - q + 2. Is x(3) a multiple of 7?
False
Let p be -7*1 + -3 + 3. Let m be (-2)/((-4)/10)*p. Let z = -20 - m. Is 9 a factor of z?
False
Suppose 0*z + 2*y = -5*z + 422, 5*z - 5*y - 415 = 0. Does 8 divide z?
False
Suppose 0 = -0*z - z - 4. Is 10*(-9)/30*z a multiple of 11?
False
Let l(c) = -c**3 + 4*c**2 - 4*c + 2. Let q be l(3). Let x be 4/(2*q/(-6)). Let n = x - -3. Does 15 divide n?
True
Suppose -2*a = 34 - 178. Does 24 divide a?
True
Let q(y) = y**3 - y + 242. Does 22 divide q(0)?
True
Let s(n) = -28*n - 8. Does 19 divide s(-3)?
True
Let w(g) = -2*g**3 - 4*g**2 - 4*g. Let n(b) = -b**3 - 3*b**2 + 5*b + 1. Let h be n(-4). Does 15 divide w(h)?
True
Suppose 10*k = 4*k + 1122. Does 17 divide k?
True
Let u(w) = w - 6. Let d be u(5). Let o be 1 - 1 - d*2. Suppose -o*r = 2*r - 16. Does 2 divide r?
True
Let w = 9 + -5. Let j = -6 + 8. Suppose -j*x + 40 = 4*t, -w*t + 1 - 5 = 0. Is 11 a factor of x?
True
Let o = 165 - 111. Is 18 a factor of o?
True
Let r(p) = -p**2 + 4*p. Let s be r(6). Let y = s - -20. Is y a multiple of 8?
True
Let w = -38 - -6. Let m = 5 + w. Let l = m - -42. Does 10 divide l?
False
Let j(l) = l**3 - 4*l**2 + l + 3. Let m(x) = -x**3 + 4 - 10*x**2 - 2*x**2 + 6*x - 17*x. Let y be m(-11). Is j(y) a multiple of 7?
True
Let p = -25 - -18. Let n = p - -5. Does 5 divide ((-36)/16)/(n/8)?
False
Let h(u) be the first derivative of -u**4/4 + 10*u**3/3 - 4*u**2 + 9*u + 5. Is 9 a factor of h(9)?
True
Let d(y) = y**2 + 2*y + 1. Let q = -3 - -2. Let u be d(q). Suppose 3*n + 30 - 135 = u. Does 16 divide n?
False
Suppose -2*k + 62 = -0*k. Is 5 a factor of k?
False
Let w = -19 - -21. Let t = 11 - w. Is t a multiple of 6?
False
Suppose 5*h + 4 + 1 = 0. Suppose -v - 4*v + 215 = 0. Let s = v - h. Is 21 a factor of s?
False
Let k be 2/(-6) + 5496/(-36). Let i = -95 - k. Is 29 a factor of i?
True
Let b = 8 + -5. Suppose i + 125 = b*r, 0*i = -5*r - i + 203. Does 14 divide r?
False
Let w(n) = n**2 - 2*n - 3. Let k be w(-2). Let c(z) = 4*z - 1 + 3*z - 5. Does 18 divide c(k)?
False
Suppose -5*o + 3*o + 2*t + 152 = 0, -310 = -4*o + t. Is o a multiple of 9?
False
Let n = 6 - 3. Suppose t = -n*c - 2*t + 9, 3*t - 14 = -4*c. Suppose -3*o = 3*b + 9 - 57, -c*o - 4*b = -77. Is o a multiple of 13?
True
Suppose -d - d = -36. Suppose -2*j + 60 = r, 3*j = r + 62 + d. Does 14 divide j?
True
Suppose -60 = -j - 3*w, 2*j + 3*w = 3*j - 72. Is j a multiple of 6?
True
Let j be (-6)/4 - (-3)/(-6). Does 12 divide (-60)/(-2)*(-1)/j?
False
Suppose 0 = -0*i + 2*i + 12. Does 29 divide 3 + (0 + i)*-14?
True
Suppose -2*c - 5 = 3*q, 5*c = 3*q + 2*q - 25. Let r be ((-9)/c)/(6/(-32)). Let z = r - -17. Does 3 divide z?
False
Let u = 2 + -3. Let w be u/(((-6)/(-34))/(-3)). Suppose -4*k + w = -3. Is k a multiple of 5?
True
Let o = -7 - -8. Suppose -4*s + 3*b + o + 16 = 0, -4*b + 44 = 3*s. Does 5 divide s?
False
Let q = 37 + -94. Suppose 0*v - 2*v - 4*f = 38, v + 3*f = -22. Let w = v - q. Is w a multiple of 16?
False
Let w(t) = -t + 29. Let k be w(0). Suppose 0 = -2*r - 5 + k. Is r a multiple of 10?
False
Let h(t) = t**3 - 2*t**2 - t - 1. Let c be -9*-1*2/6. Is 5 a factor of h(c)?
True
Let o(s) = -s. Let v be (-4)/(-10) + 22/(-5). Let q be o(v). Suppose 3*p + 28 = q*p. Does 11 divide p?
False
Let s(b) = -b**3 + 4*b**2 + 6*b - 7. Let x be s(5). Let n be 1/2*(2 - x). Is 12 a factor of 80/2*n/4?
False
Suppose 3*t - 48 = -5*a, -2*t = 5*a - 3*t - 64. Suppose b = -2*l + a, -b + 0*b + 7 = l. Suppose 3*u = 5*m + 2*u - 31, u - 39 = -l*m. Is 3 a factor of m?
False
Let q = -14 + 39. Does 10 divide q?
False
Let a(v) = 194*v - 2. Let j be a(-3). Is 4 a factor of 2/(-12) - j/48?
True
Let g(z) = 13*z**2 - 1. Does 3 divide g(1)?
True
Suppose -h + j + 10 = 0, -3*h + 10 = 3*j - 20. Is 10 a factor of ((-24)/(-6))/(4/h)?
True
Suppose 3*x = 111 + 99. Is 10 a factor of x?
True
Suppose -2*r + 4*r = 2*y - 14, -2*r = 3*y - 31. Does 15 divide (2 + -7)*y*-1?
True
Suppose -6*j - 5*c + 157 = -4*j, -320 = -4*j - 4*c. Does 27 divide j?
True
Suppose 12 = 2*g - 4*c, 4*g + g - 5*c = 15. Let v(x) = x**2 - x + 6. Let z be v(g). Suppose z = p - 0*p. Is 6 a factor of p?
True
Let r be (-2)/4*(1 + -1). Suppose 2*x + 3*x = r. Suppose x = 6*b - 2*b - 20. Is 2 a factor of b?
False
Let s(k) = 5*k**2 + 6*k + 2. Let b be s(-4). Let v = 103 - b. Is v a multiple of 15?
True
Let g be 252/45 + (-4)/(-10). Is 18 a factor of 8/g*(-27)/(-2)?
True
Let n(b) = -33*b - 8. Let a(h) = 4*h + 1. Suppose -2*t + 3*z = 15, 5*t + 2*z + 31 = 3*z. Let p(m) = t*n(m) - 51*a(m). Is 6 a factor of p(-3)?
False
Suppose -5*a + 115 = -350. Does 31 divide a?
True
Does 29 divide 980/21 - (-2)/(-3)?
False
Let t be 36/15*(-4 + -1). Is 23 a factor of (-142)/(-2) + t/6?
True
Let n(i) be the second derivative of i**4/12 - 2*i**3/3 + i**2/2 - 7*i. Is 6 a factor of n(7)?
False
Let g(t) = -t + 6. Let u(v) = -v**3 + 6*v**2 - 6*v + 1. Let a be u(5). Let s(l) = l - 7. Let n(k) = a*g(k) - 5*s(k). Is 3 a factor of n(5)?
True
Let o(p) = 12*p - 7. Is o(5) a multiple of 14?
False
Suppose 66 = 11*o - 8*o. Is 14 a factor of o?
False
Is 21*3/(-15)*-10 a multiple of 5?
False
Let g(c) = c - 9. Let s be g(12). Suppose 0 = -s*a + 4*p + 75 + 23, 0 = 2*a - 5*p - 77. Does 13 divide a?
True
Suppose -x = -2*l + 13, x + 1 = -l - 0*x. Suppose l + 2 = 2*b. Is b a multiple of 2?
False
Suppose 3*o = -2*o - 130. Let m = o - -38. Does 9 divide m?
False
Suppose -2*r = 2*r - u - 54, 3*r + 4*u = 50. Is r a multiple of 3?
False
Let i = -38 + 88. Does 10 divide i?
True
Suppose -4*i - 340 = -4*h - 0*i, -i - 405 = -5*h. Is 20 a factor of h?
True
Let x = -16 - -22. Let j(i) be the first derivative of i**4/4 - 7*i**3/3 + 9*i**2/2 - 7*i - 1. Is 11 a factor of j(x)?
True
Let d(o) = 315*o**2 + 2*o - 4. Does 63 divide d(1)?
False
Let q be (-48)/(-21) - (-4)/(-14). Let i(z) = q*z + 2*z**3 - 3*z**2 + z - 2*z**2. Is i(3) a multiple of 9?
True
Let r(c) = c**3 + 4*c**2 + 2*c. Let b be r(-3). Suppose -b*a = -5*a + 6. Suppose d + a = 2*d. Is 3 a factor of d?
True
Let d(x) = x - 8. Let s be d(6). Let l = -2 + s. Is 4/2 + l - -45 a multiple of 24?
False
Suppose 4*q = -4*h + 128, -5*q + 4*h + 16 = -99. Let x = -2 + q. Is x a multiple of 12?
False
Let u(b) = b - 19. Let q(j) = -j + 20. Let g(c) = 7*q(c) + 6*u(c). Is 13 a factor of g(0)?
True
Let b be 16 + -1 - (0 - -3). Suppose 2*q = b + 8. Is 8 a factor of q?
False
Suppose -3*d - 4*k = 2, -k = 4*d - 2*k + 9. Is 75/6 - 3/d a multiple of 7?
True
Suppose -9*z + 66 = -3*z. Is 7 a factor of z?
False
Is (109 + 11)/(-1*(-2 + 1)) a multiple of 12?
True
Let i(o) = -o**3 + 7*o**2 - 4*o - 11. Does 19 divide i(5)?
True
Suppose -5*b + 165 = 10. Suppose d = b + 5. Is d a multiple of 18?
True
Let c = -1 + 7. Let r be 224/3 - 4/c. Let k = -50 + r. Is k a multiple of 14?
False
Suppose -4*n + 18 + 6 = 0. Suppose -24 = -r - n. Suppose 0 = 2*g - 18 - r. Is g a multiple of 9?
True
Let i = 0 - -7. Suppose -5*s + 2*b + 33 = -b, -b - i = -s. Is 6 a factor of s?
True
Let k = 90 + 4. Is k a multiple of 17?
False
Let d = -41 + 45. Is 4 a factor of d?
True
Let n(s) be the third derivative of 7*s**6/40 - s**5/60 - 3*s**2. Let c be n(1). Suppose 4*q + u = 5*u + 44, -c = -5*u. Is 15 a factor of q?
True
Suppose -6*r + 876 = -2*r + 2*s, 0 = -2*r + 5*s + 414. Does 8 divide r?
False
Is 28 a factor of -4*1/(-3)*21 - 0?
True
Let f(t) = 6*t**2 - 8*t - 5. Let b(i) = 5*i**2 - 7*i - 4. Let p(m) = 5*b(m) - 4*f(m). Suppose 9 = j - 4*j. Is 11 a factor of p(j)?
False
Suppose 2*d - 11 + 1 = 0. Suppose 55 = d*j - 30. Suppose -c = 4 - j. Does 6 divide c?
False
Let i be (-2)/4 - 65/(-2). Suppose 0 = 4*y, 5*y - 2*y - i = -4*v. Is